{"id":3042,"date":"2024-09-02T12:15:26","date_gmt":"2024-09-02T10:15:26","guid":{"rendered":"https:\/\/edukatus.se\/career\/"},"modified":"2025-03-06T11:24:17","modified_gmt":"2025-03-06T09:24:17","slug":"career","status":"publish","type":"page","link":"https:\/\/edukatus.se\/en\/career\/","title":{"rendered":"Career"},"content":{"rendered":"\n<p class=\"is-style-intro\">If you are interested in working at one of Edukatus\u2019s units or in our central teams, you can find all available jobs here. The majority of our employees work at our units where there are teaching staff and all the other roles necessary to run a high-quality educational organisation.  <\/p>\n<h2 class='g-block g-heading'>Interviews with Edukatus Alliance employees<\/h2><div class=\"g-block g-card-single\">\n\t<a href=\"https:\/\/edukatus.se\/hyllade-lararen-firar-15-ar-pa-jobbet-att-undervisa-finns-i-mitt-dna\/\" class=\"g-card g-card-text--right\"><div class=\"g-card-image g-card-image__container\"><figure class=\"g-figure\"><div class=\"g-figure__wrapper\"><img class='g-image' style='object-position:center center;' src='https:\/\/edukatus.se\/app\/uploads\/2024\/03\/hyllade-lararen-al-683x455.png' srcset='https:\/\/edukatus.se\/app\/uploads\/2024\/03\/hyllade-lararen-al-683x455.png 683w, https:\/\/edukatus.se\/app\/uploads\/2024\/03\/hyllade-lararen-al-150x100.png 150w, https:\/\/edukatus.se\/app\/uploads\/2024\/03\/hyllade-lararen-al-768x512.png 768w, https:\/\/edukatus.se\/app\/uploads\/2024\/03\/hyllade-lararen-al-910x607.png 910w, https:\/\/edukatus.se\/app\/uploads\/2024\/03\/hyllade-lararen-al-455x303.png 455w, https:\/\/edukatus.se\/app\/uploads\/2024\/03\/hyllade-lararen-al-300x200.png 300w, https:\/\/edukatus.se\/app\/uploads\/2024\/03\/hyllade-lararen-al.png 1350w' sizes='(max-width: 683px) 100vw, 683px' width='683' height='455' alt='L\u00e4raren Andreas Liljeson, if\u00f6rd marinbl\u00e5 kavaj och gr\u00e5 l\u00e5ng\u00e4rmad tr\u00f6ja \u00f6ver en vit skjorta, st\u00e5r framf\u00f6r en m\u00f6rkbl\u00e5 bakgrund och ler brett mot kameran.'><\/div><\/figure><\/div><div class=\"g-card-text g-card-text__container\"><h3 class=\"g-card__title\">Teacher Celebrates 15 Years on the Job: \u201cTeaching is in My DNA\u201d<\/h3><p class=\"g-card__description\">In February 2009, Andreas Liljeson stepped into Aff\u00e4rsgymnasiet for the first time. Back then, he could not have known that 15 years later, he would still be there.  <\/p><\/div><\/a><\/div><div class=\"g-distance g-block g-distance--large\"><\/div>\n<div class=\"g-distance g-block g-distance--large\"><\/div>\n<div class=\"g-block g-cards g-cards--3\">\n\t<a href=\"https:\/\/edukatus.se\/lararen-far-forma-framtidens-entreprenorer\/\" class=\"g-card\"><div class=\"g-card-image g-card-image__container\"><figure class=\"g-figure\"><div class=\"g-figure__wrapper\"><img class='g-image' style='object-position:center center;' src='https:\/\/edukatus.se\/app\/uploads\/2024\/01\/nike-moon-lararen-berattar-683x455.png' srcset='https:\/\/edukatus.se\/app\/uploads\/2024\/01\/nike-moon-lararen-berattar-683x455.png 683w, https:\/\/edukatus.se\/app\/uploads\/2024\/01\/nike-moon-lararen-berattar-150x100.png 150w, https:\/\/edukatus.se\/app\/uploads\/2024\/01\/nike-moon-lararen-berattar-768x512.png 768w, https:\/\/edukatus.se\/app\/uploads\/2024\/01\/nike-moon-lararen-berattar-910x607.png 910w, https:\/\/edukatus.se\/app\/uploads\/2024\/01\/nike-moon-lararen-berattar-455x303.png 455w, https:\/\/edukatus.se\/app\/uploads\/2024\/01\/nike-moon-lararen-berattar-300x200.png 300w, https:\/\/edukatus.se\/app\/uploads\/2024\/01\/nike-moon-lararen-berattar.png 1350w' sizes='(max-width: 683px) 100vw, 683px' width='683' height='455' alt='L\u00e4raren Nike Moon st\u00e5r framf\u00f6r en vit v\u00e4gg med armarna i kors och blickar leende mot kameran.'><\/div><\/figure><\/div><div class=\"g-card-text g-card-text__container\"><h3 class=\"g-card__title\">&quot;I feel like I am contributing to something greater&quot;<\/h3><p class=\"g-card__description\">\u201cIt is a fantastic opportunity to share my passion while also being part of shaping the leaders and entrepreneurs of the future. Seeing the students grow and develop, both academically and personally, makes me feel like I am contributing to something greater.\u201d \u2013 Nike Moon, Teacher at Aff\u00e4rsgymnasiet. <\/p><\/div><\/a><a href=\"https:\/\/edukatus.se\/lararen-berattar-var-gemenskap-ar-unik\/\" class=\"g-card\"><div class=\"g-card-image g-card-image__container\"><figure class=\"g-figure\"><div class=\"g-figure__wrapper\"><img class='g-image' style='object-position:center center;' src='https:\/\/edukatus.se\/app\/uploads\/2024\/03\/henrik-arnersten-lararen-berattar-1-683x455.png' srcset='https:\/\/edukatus.se\/app\/uploads\/2024\/03\/henrik-arnersten-lararen-berattar-1-683x455.png 683w, https:\/\/edukatus.se\/app\/uploads\/2024\/03\/henrik-arnersten-lararen-berattar-1-150x100.png 150w, https:\/\/edukatus.se\/app\/uploads\/2024\/03\/henrik-arnersten-lararen-berattar-1-768x512.png 768w, https:\/\/edukatus.se\/app\/uploads\/2024\/03\/henrik-arnersten-lararen-berattar-1-910x607.png 910w, https:\/\/edukatus.se\/app\/uploads\/2024\/03\/henrik-arnersten-lararen-berattar-1-455x303.png 455w, https:\/\/edukatus.se\/app\/uploads\/2024\/03\/henrik-arnersten-lararen-berattar-1-300x200.png 300w, https:\/\/edukatus.se\/app\/uploads\/2024\/03\/henrik-arnersten-lararen-berattar-1.png 1350w' sizes='(max-width: 683px) 100vw, 683px' width='683' height='455' alt='L\u00e4raren '><\/div><\/figure><\/div><div class=\"g-card-text g-card-text__container\"><h3 class=\"g-card__title\">\u201cOur community is unique\u201d<\/h3><p class=\"g-card__description\">\u201cThe best thing about being a teacher here is the sense of community among the staff and with our students. I haven\u2019t experienced it at any other school.\u201d \u2013 Henrik Arnersten, Teacher at Aff\u00e4rsgymnasiet. <\/p><\/div><\/a><a href=\"https:\/\/edukatus.se\/lararen-berattar-kanner-att-jag-gor-skillnad\/\" class=\"g-card\"><div class=\"g-card-image g-card-image__container\"><figure class=\"g-figure\"><div class=\"g-figure__wrapper\"><img class='g-image' style='object-position:center center;' src='https:\/\/edukatus.se\/app\/uploads\/2024\/03\/elife-ringstrom-683x455.png' srcset='https:\/\/edukatus.se\/app\/uploads\/2024\/03\/elife-ringstrom-683x455.png 683w, https:\/\/edukatus.se\/app\/uploads\/2024\/03\/elife-ringstrom-150x100.png 150w, https:\/\/edukatus.se\/app\/uploads\/2024\/03\/elife-ringstrom-768x512.png 768w, https:\/\/edukatus.se\/app\/uploads\/2024\/03\/elife-ringstrom-910x607.png 910w, https:\/\/edukatus.se\/app\/uploads\/2024\/03\/elife-ringstrom-455x303.png 455w, https:\/\/edukatus.se\/app\/uploads\/2024\/03\/elife-ringstrom-300x200.png 300w, https:\/\/edukatus.se\/app\/uploads\/2024\/03\/elife-ringstrom.png 1350w' sizes='(max-width: 683px) 100vw, 683px' width='683' height='455' alt='L\u00e4raren Elife Ringstr\u00f6m, if\u00f6rd en r\u00f6dm\u00f6nstrad blus, st\u00e5r framf\u00f6r en vitgr\u00e5 v\u00e4gg och ler rakt mot kameran. '><\/div><\/figure><\/div><div class=\"g-card-text g-card-text__container\"><h3 class=\"g-card__title\">\u201cPure joy\u201d<\/h3><p class=\"g-card__description\">\u201cThe feeling that comes when a student develops is pure joy. Students who want to learn, who achieve their goals, and who benefit from their lessons are the whole reason why the teaching profession is the best. You simply feel that you\u2019re making a difference.\u201d \u2013 Elife Ringstr\u00f6m, Teacher at Yrkesgymnasiet. <\/p><\/div><\/a><\/div><h2 class='g-block g-heading'>See our available positions here<\/h2>\n<iframe src=\"https:\/\/thorengruppen.varbi.com\/se\/what:iframe\/login:1\/buttons:1\/subscribe:1\/template:default\/?s=0&#038;o=2&#038;ss=1&#038;os=1\" frameborder=\"0\" style=\"height: 1300px; width: 90%;\"><\/iframe>\n","protected":false},"excerpt":{"rendered":"If you are interested in working at one of Edukatus\u2019s units or in our central teams, you can find all available jobs here. The majority of our employees work at our units where there are teaching staff and all the other roles necessary to run a high-quality educational organisation.","protected":false},"author":8,"featured_media":0,"parent":0,"menu_order":0,"comment_status":"closed","ping_status":"closed","template":"","meta":{"_acf_changed":false,"_seopress_robots_primary_cat":"","_seopress_titles_title":"Work at Edukatus \u2013 See Open Positions | Careers | Edukatus Alliance","_seopress_titles_desc":"View all open positions at Edukatus Alliance and learn more on our careers page. As a team member at Edukatus Alliance, you contribute to Sweden's development on both societal and individual levels. ","_seopress_robots_index":"","_relevanssi_hide_post":"","_relevanssi_hide_content":"","_relevanssi_pin_for_all":"","_relevanssi_pin_keywords":"","_relevanssi_unpin_keywords":"","_relevanssi_related_keywords":"","_relevanssi_related_include_ids":"","_relevanssi_related_exclude_ids":"","_relevanssi_related_no_append":"","_relevanssi_related_not_related":"","_relevanssi_related_posts":"2714,2669,2709,2740,2834,2775","_relevanssi_noindex_reason":"","footnotes":""},"class_list":["post-3042","page","type-page","status-publish","hentry"],"acf":[],"_links":{"self":[{"href":"https:\/\/edukatus.se\/en\/wp-json\/wp\/v2\/pages\/3042","targetHints":{"allow":["GET"]}}],"collection":[{"href":"https:\/\/edukatus.se\/en\/wp-json\/wp\/v2\/pages"}],"about":[{"href":"https:\/\/edukatus.se\/en\/wp-json\/wp\/v2\/types\/page"}],"author":[{"embeddable":true,"href":"https:\/\/edukatus.se\/en\/wp-json\/wp\/v2\/users\/8"}],"replies":[{"embeddable":true,"href":"https:\/\/edukatus.se\/en\/wp-json\/wp\/v2\/comments?post=3042"}],"version-history":[{"count":3,"href":"https:\/\/edukatus.se\/en\/wp-json\/wp\/v2\/pages\/3042\/revisions"}],"predecessor-version":[{"id":6244,"href":"https:\/\/edukatus.se\/en\/wp-json\/wp\/v2\/pages\/3042\/revisions\/6244"}],"wp:attachment":[{"href":"https:\/\/edukatus.se\/en\/wp-json\/wp\/v2\/media?parent=3042"}],"curies":[{"name":"wp","href":"https:\/\/api.w.org\/{rel}","templated":true}]}}

<p class="is-style-intro">If you are interested in working at one of Edukatus’s units or in our central teams, you can find all available jobs here. The majority of our employees work at our units where there are teaching staff and all the other roles necessary to run a high-quality educational organisation.  </p>
<h2 class='g-block g-heading'>Interviews with Edukatus Alliance employees</h2><div class="g-block g-card-single">
	<a href="https://edukatus.se/hyllade-lararen-firar-15-ar-pa-jobbet-att-undervisa-finns-i-mitt-dna/" class="g-card g-card-text--right"><div class="g-card-image g-card-image__container"><figure class="g-figure"><div class="g-figure__wrapper"><img class='g-image' style='object-position:center center;' src='https://edukatus.se/app/uploads/2024/03/hyllade-lararen-al-683x455.png' srcset='https://edukatus.se/app/uploads/2024/03/hyllade-lararen-al-683x455.png 683w, https://edukatus.se/app/uploads/2024/03/hyllade-lararen-al-150x100.png 150w, https://edukatus.se/app/uploads/2024/03/hyllade-lararen-al-768x512.png 768w, https://edukatus.se/app/uploads/2024/03/hyllade-lararen-al-910x607.png 910w, https://edukatus.se/app/uploads/2024/03/hyllade-lararen-al-455x303.png 455w, https://edukatus.se/app/uploads/2024/03/hyllade-lararen-al-300x200.png 300w, https://edukatus.se/app/uploads/2024/03/hyllade-lararen-al.png 1350w' sizes='(max-width: 683px) 100vw, 683px' width='683' height='455' alt='Läraren Andreas Liljeson, iförd marinblå kavaj och grå långärmad tröja över en vit skjorta, står framför en mörkblå bakgrund och ler brett mot kameran.'></div></figure></div><div class="g-card-text g-card-text__container"><h3 class="g-card__title">Teacher Celebrates 15 Years on the Job: “Teaching is in My DNA”</h3><p class="g-card__description">In February 2009, Andreas Liljeson stepped into Affärsgymnasiet for the first time. Back then, he could not have known that 15 years later, he would still be there.  </p></div></a></div><div class="g-distance g-block g-distance--large"></div>
<div class="g-distance g-block g-distance--large"></div>
<div class="g-block g-cards g-cards--3">
	<a href="https://edukatus.se/lararen-far-forma-framtidens-entreprenorer/" class="g-card"><div class="g-card-image g-card-image__container"><figure class="g-figure"><div class="g-figure__wrapper"><img class='g-image' style='object-position:center center;' src='https://edukatus.se/app/uploads/2024/01/nike-moon-lararen-berattar-683x455.png' srcset='https://edukatus.se/app/uploads/2024/01/nike-moon-lararen-berattar-683x455.png 683w, https://edukatus.se/app/uploads/2024/01/nike-moon-lararen-berattar-150x100.png 150w, https://edukatus.se/app/uploads/2024/01/nike-moon-lararen-berattar-768x512.png 768w, https://edukatus.se/app/uploads/2024/01/nike-moon-lararen-berattar-910x607.png 910w, https://edukatus.se/app/uploads/2024/01/nike-moon-lararen-berattar-455x303.png 455w, https://edukatus.se/app/uploads/2024/01/nike-moon-lararen-berattar-300x200.png 300w, https://edukatus.se/app/uploads/2024/01/nike-moon-lararen-berattar.png 1350w' sizes='(max-width: 683px) 100vw, 683px' width='683' height='455' alt='Läraren Nike Moon står framför en vit vägg med armarna i kors och blickar leende mot kameran.'></div></figure></div><div class="g-card-text g-card-text__container"><h3 class="g-card__title">&quot;I feel like I am contributing to something greater&quot;</h3><p class="g-card__description">“It is a fantastic opportunity to share my passion while also being part of shaping the leaders and entrepreneurs of the future. Seeing the students grow and develop, both academically and personally, makes me feel like I am contributing to something greater.” – Nike Moon, Teacher at Affärsgymnasiet. </p></div></a><a href="https://edukatus.se/lararen-berattar-var-gemenskap-ar-unik/" class="g-card"><div class="g-card-image g-card-image__container"><figure class="g-figure"><div class="g-figure__wrapper"><img class='g-image' style='object-position:center center;' src='https://edukatus.se/app/uploads/2024/03/henrik-arnersten-lararen-berattar-1-683x455.png' srcset='https://edukatus.se/app/uploads/2024/03/henrik-arnersten-lararen-berattar-1-683x455.png 683w, https://edukatus.se/app/uploads/2024/03/henrik-arnersten-lararen-berattar-1-150x100.png 150w, https://edukatus.se/app/uploads/2024/03/henrik-arnersten-lararen-berattar-1-768x512.png 768w, https://edukatus.se/app/uploads/2024/03/henrik-arnersten-lararen-berattar-1-910x607.png 910w, https://edukatus.se/app/uploads/2024/03/henrik-arnersten-lararen-berattar-1-455x303.png 455w, https://edukatus.se/app/uploads/2024/03/henrik-arnersten-lararen-berattar-1-300x200.png 300w, https://edukatus.se/app/uploads/2024/03/henrik-arnersten-lararen-berattar-1.png 1350w' sizes='(max-width: 683px) 100vw, 683px' width='683' height='455' alt='Läraren '></div></figure></div><div class="g-card-text g-card-text__container"><h3 class="g-card__title">“Our community is unique”</h3><p class="g-card__description">“The best thing about being a teacher here is the sense of community among the staff and with our students. I haven’t experienced it at any other school.” – Henrik Arnersten, Teacher at Affärsgymnasiet. </p></div></a><a href="https://edukatus.se/lararen-berattar-kanner-att-jag-gor-skillnad/" class="g-card"><div class="g-card-image g-card-image__container"><figure class="g-figure"><div class="g-figure__wrapper"><img class='g-image' style='object-position:center center;' src='https://edukatus.se/app/uploads/2024/03/elife-ringstrom-683x455.png' srcset='https://edukatus.se/app/uploads/2024/03/elife-ringstrom-683x455.png 683w, https://edukatus.se/app/uploads/2024/03/elife-ringstrom-150x100.png 150w, https://edukatus.se/app/uploads/2024/03/elife-ringstrom-768x512.png 768w, https://edukatus.se/app/uploads/2024/03/elife-ringstrom-910x607.png 910w, https://edukatus.se/app/uploads/2024/03/elife-ringstrom-455x303.png 455w, https://edukatus.se/app/uploads/2024/03/elife-ringstrom-300x200.png 300w, https://edukatus.se/app/uploads/2024/03/elife-ringstrom.png 1350w' sizes='(max-width: 683px) 100vw, 683px' width='683' height='455' alt='Läraren Elife Ringström, iförd en rödmönstrad blus, står framför en vitgrå vägg och ler rakt mot kameran. '></div></figure></div><div class="g-card-text g-card-text__container"><h3 class="g-card__title">“Pure joy”</h3><p class="g-card__description">“The feeling that comes when a student develops is pure joy. Students who want to learn, who achieve their goals, and who benefit from their lessons are the whole reason why the teaching profession is the best. You simply feel that you’re making a difference.” – Elife Ringström, Teacher at Yrkesgymnasiet. </p></div></a></div><h2 class='g-block g-heading'>See our available positions here</h2>
<iframe src="https://thorengruppen.varbi.com/se/what:iframe/login:1/buttons:1/subscribe:1/template:default/?s=0&#038;o=2&#038;ss=1&#038;os=1" frameborder="0" style="height: 1300px; width: 90%;"></iframe>
