{"id":3040,"date":"2024-09-03T11:12:32","date_gmt":"2024-09-03T09:12:32","guid":{"rendered":"https:\/\/edukatus.se\/sustainability\/"},"modified":"2025-03-06T11:34:48","modified_gmt":"2025-03-06T09:34:48","slug":"sustainability","status":"publish","type":"page","link":"https:\/\/edukatus.se\/en\/sustainability\/","title":{"rendered":"Sustainability"},"content":{"rendered":"\n<p class=\"is-style-default\">Edukatus Alliance&#8217;s sustainability work is an integral part of our business. We have three distinct target areas: learning, responsible business and environment\/climate. Our learning target focuses on UN Goal 4, \u201cgood education for all\u201d. This goal states that education is a basic human right and essential for individual prosperity, health and equality.   <\/p>\n\n<p class=\"is-style-default\">Being a responsible business means that we are an equal and inclusive workplace, committed to the development of our employees and our learners.<\/p>\n\n<p class=\"is-style-default\">Edukatus Alliance works ceaselessly to reduce our climate footprint. One of our most significant contributions to improving the environmental is our education of future responsible citizens, equipping our employees and students with the knowledge and tools they need to create a more sustainable world both on both individual and societal levels. <\/p>\n<div class=\"g-distance g-block g-distance--small\"><\/div>\n<div class='g-buttons g-buttons--left g-block'><a class='g-button g-button--primary g-button--large' href='https:\/\/edukatus.se\/app\/uploads\/2024\/09\/hallbarhetsrapport-2022-2023-dec.pdf' target='_blank'>Read our sustainability report (swedish only)<\/a><\/div><div class=\"g-distance g-block g-distance--small\"><\/div>\n<h2 class='g-block g-heading'>Edukatus Alliance cares<\/h2><div class=\"g-block g-cards g-cards--2\">\n\t<a href=\"https:\/\/edukatus.se\/eleverna-bygger-at-hemlosa\/\" class=\"g-card\"><div class=\"g-card-image g-card-image__container\"><figure class=\"g-figure\"><div class=\"g-figure__wrapper\"><img class='g-image' style='object-position:center center;' src='https:\/\/edukatus.se\/app\/uploads\/2024\/09\/yg-bygger-stuga-hemlosa-683x377.png' srcset='https:\/\/edukatus.se\/app\/uploads\/2024\/09\/yg-bygger-stuga-hemlosa-683x377.png 683w, https:\/\/edukatus.se\/app\/uploads\/2024\/09\/yg-bygger-stuga-hemlosa-150x83.png 150w, https:\/\/edukatus.se\/app\/uploads\/2024\/09\/yg-bygger-stuga-hemlosa-768x423.png 768w, https:\/\/edukatus.se\/app\/uploads\/2024\/09\/yg-bygger-stuga-hemlosa-910x502.png 910w, https:\/\/edukatus.se\/app\/uploads\/2024\/09\/yg-bygger-stuga-hemlosa-455x251.png 455w, https:\/\/edukatus.se\/app\/uploads\/2024\/09\/yg-bygger-stuga-hemlosa-300x165.png 300w, https:\/\/edukatus.se\/app\/uploads\/2024\/09\/yg-bygger-stuga-hemlosa.png 956w' sizes='(max-width: 683px) 100vw, 683px' width='683' height='377' alt='Tv\u00e5 bilder: till v\u00e4nster en orange ram med text om &quot;R\u00e4tten till tillr\u00e4cklig levnadsstandard&quot;. Till h\u00f6ger tv\u00e5 personer i neongula arbetskl\u00e4der vid en liten r\u00f6d f\u00f6rr\u00e5dsbyggnad i vintermilj\u00f6.'><\/div><\/figure><\/div><div class=\"g-card-text g-card-text__container\"><h3 class=\"g-card__title\">Students Build for the Homeless<\/h3><p class=\"g-card__description\">When Yrkesgymnasiet (vocational upper secondary school) in G\u00e4vle participated in a charity project, they put a unique spin on it. They combined community engagement with education by building a cabin for the homeless.  \u201cWe wanted to carry out a project with practical elements, as we believe in less talk, more action,\u201d said Principal Linda Swed\u00e9n.<\/p><\/div><\/a><a href=\"https:\/\/edukatus.se\/19-aringen-som-vill-revolutionera-byggbranschen-ett-otroligt-forsprang\/\" class=\"g-card\"><div class=\"g-card-image g-card-image__container\"><figure class=\"g-figure\"><div class=\"g-figure__wrapper\"><img class='g-image' style='object-position:center center;' src='https:\/\/edukatus.se\/app\/uploads\/2024\/09\/janna-naser-algentreprenor-683x340.png' srcset='https:\/\/edukatus.se\/app\/uploads\/2024\/09\/janna-naser-algentreprenor-683x340.png 683w, https:\/\/edukatus.se\/app\/uploads\/2024\/09\/janna-naser-algentreprenor-150x75.png 150w, https:\/\/edukatus.se\/app\/uploads\/2024\/09\/janna-naser-algentreprenor-768x382.png 768w, https:\/\/edukatus.se\/app\/uploads\/2024\/09\/janna-naser-algentreprenor-910x453.png 910w, https:\/\/edukatus.se\/app\/uploads\/2024\/09\/janna-naser-algentreprenor-455x227.png 455w, https:\/\/edukatus.se\/app\/uploads\/2024\/09\/janna-naser-algentreprenor-300x149.png 300w, https:\/\/edukatus.se\/app\/uploads\/2024\/09\/janna-naser-algentreprenor.png 1201w' sizes='(max-width: 683px) 100vw, 683px' width='683' height='340' alt='Till v\u00e4nster: Janna Naser, algentrepren\u00f6ren st\u00e5r med m\u00f6rkt lockigt h\u00e5r och formell kl\u00e4dsel och tittar in i kameran. Till h\u00f6ger: en strand med t\u00e5ng och havsv\u00e5gor som sl\u00e5r mot klippor i bakgrunden.'><\/div><\/figure><\/div><div class=\"g-card-text g-card-text__container\"><h3 class=\"g-card__title\">The 19-year-old who wants to revolutionise the construction industry: &quot;An incredible head start&quot;<\/h3><p class=\"g-card__description\">Janna Naser, who was recently named Anders Wall Scholar och the Year and Future Female Entrepreneur of 2024, is an entrepreneyr who wants to revolutionise the construction industry. In an exclusive interview with her former high school, she talks about her plans, drive and young entrepreneurship.  &quot;Entrepreneurship in school gives an incredible head start,&quot; she said.<\/p><\/div><\/a><\/div><div class=\"g-block g-cards g-cards--2\">\n\t<a href=\"https:\/\/edukatus.se\/elever-klipper-pa-aldreboende-glider-som-pa-moln\/\" class=\"g-card\"><div class=\"g-card-image g-card-image__container\"><figure class=\"g-figure\"><div class=\"g-figure__wrapper\"><img class='g-image' style='object-position:center center;' src='https:\/\/edukatus.se\/app\/uploads\/2023\/11\/klipp-frisor-genrebild-683x455.png' srcset='https:\/\/edukatus.se\/app\/uploads\/2023\/11\/klipp-frisor-genrebild-683x455.png 683w, https:\/\/edukatus.se\/app\/uploads\/2023\/11\/klipp-frisor-genrebild-150x100.png 150w, https:\/\/edukatus.se\/app\/uploads\/2023\/11\/klipp-frisor-genrebild-768x512.png 768w, https:\/\/edukatus.se\/app\/uploads\/2023\/11\/klipp-frisor-genrebild-910x607.png 910w, https:\/\/edukatus.se\/app\/uploads\/2023\/11\/klipp-frisor-genrebild-455x303.png 455w, https:\/\/edukatus.se\/app\/uploads\/2023\/11\/klipp-frisor-genrebild-300x200.png 300w, https:\/\/edukatus.se\/app\/uploads\/2023\/11\/klipp-frisor-genrebild.png 1350w' sizes='(max-width: 683px) 100vw, 683px' width='683' height='455' alt='En n\u00e4rbild p\u00e5 en fris\u00f6r som klipper topparna p\u00e5 en kvinnas h\u00e5r. '><\/div><\/figure><\/div><div class=\"g-card-text g-card-text__container\"><h3 class=\"g-card__title\">Students Provide Haircuts at Nursing Home: &quot;Walking on Clouds&quot;<\/h3><p class=\"g-card__description\">Hands-on learning in a profession that brightens people&#039;s day. Yrkesgymnasiet school\u2019s recurring project of giving haircuts to residents at the T\u00e4by nursing home is the ultimate win-win situation. <\/p><\/div><\/a><a href=\"https:\/\/edukatus.se\/uf-foretaget-4-change-vill-gora-skillnad-for-utsatta-manniskor\/\" class=\"g-card\"><div class=\"g-card-image g-card-image__container\"><figure class=\"g-figure\"><div class=\"g-figure__wrapper\"><img class='g-image' style='object-position:center center;' src='https:\/\/edukatus.se\/app\/uploads\/2024\/09\/4-change-utsatta-matsvinn-nyhet-683x384.png' srcset='https:\/\/edukatus.se\/app\/uploads\/2024\/09\/4-change-utsatta-matsvinn-nyhet-683x384.png 683w, https:\/\/edukatus.se\/app\/uploads\/2024\/09\/4-change-utsatta-matsvinn-nyhet-1366x768.png 1366w, https:\/\/edukatus.se\/app\/uploads\/2024\/09\/4-change-utsatta-matsvinn-nyhet-150x84.png 150w, https:\/\/edukatus.se\/app\/uploads\/2024\/09\/4-change-utsatta-matsvinn-nyhet-768x432.png 768w, https:\/\/edukatus.se\/app\/uploads\/2024\/09\/4-change-utsatta-matsvinn-nyhet-1536x864.png 1536w, https:\/\/edukatus.se\/app\/uploads\/2024\/09\/4-change-utsatta-matsvinn-nyhet-910x512.png 910w, https:\/\/edukatus.se\/app\/uploads\/2024\/09\/4-change-utsatta-matsvinn-nyhet-455x256.png 455w, https:\/\/edukatus.se\/app\/uploads\/2024\/09\/4-change-utsatta-matsvinn-nyhet-300x169.png 300w, https:\/\/edukatus.se\/app\/uploads\/2024\/09\/4-change-utsatta-matsvinn-nyhet.png 1600w' sizes='(max-width: 683px) 100vw, 683px' width='683' height='384' alt='Eleverna bakom UF-f\u00f6retaget 4 change: Evenezer Tame, Alva Str\u00f6mberg och Mio Calligaris, st\u00e5r utomhus under ett tr\u00e4d och tittar in i kameran. Alla har p\u00e5 sig m\u00f6rklila tr\u00f6jor och bakgrunden \u00e4r en solig gr\u00f6nskande milj\u00f6.'><\/div><\/figure><\/div><div class=\"g-card-text g-card-text__container\"><h3 class=\"g-card__title\">The UF Company 4Change Aims to Make a Difference for Vulnerable People<\/h3><p class=\"g-card__description\">What happens to leftover food at restaurants in V\u00e4ster\u00e5s? Thanks to three driven young people, some of the food that would previously have gone to waste is now being served to the city&#039;s homeless at the local mission. The UF company 4Change, from Aff\u00e4rsgymnasiet (business upper secondary school) in V\u00e4ster\u00e5s, is making real difference for people in need.  <\/p><\/div><\/a><\/div><div class=\"g-block g-cta g-wrapper g-align-full\"><div class=\"g-cta__content g-align-standard\"><h2>Sustainability Report<\/h2><p>Here you will find our latest sustainability report (in swedish only). It was published before the company changed its name to Edukatus Alliance. The next sustainability report will be released soon.<\/p>\n<div class='g-buttons g-buttons--left'><a class='g-button g-button--primary g-button--standard' href='https:\/\/edukatus.se\/app\/uploads\/2024\/09\/hallbarhetsrapport-2022-2023-dec.pdf' target='_blank'>Read our sustainability report (swedish only)<\/a><\/div><\/div><\/div>","protected":false},"excerpt":{"rendered":"Edukatus Alliance&#8217;s sustainability work is an integral part of our business. We have three distinct target areas: learning, responsible business and environment\/climate. Our learning target focuses on UN Goal 4, \u201cgood education for all\u201d. This goal states that education is a basic human right and essential for individual prosperity, health and equality. Being a responsible&#8230;","protected":false},"author":8,"featured_media":0,"parent":0,"menu_order":0,"comment_status":"closed","ping_status":"closed","template":"","meta":{"_acf_changed":false,"_seopress_robots_primary_cat":"","_seopress_titles_title":"Sustainability through Learning and Responsible Entrepreneurship | Edukatus Alliance","_seopress_titles_desc":"Edukatus Alliance promotes sustainability with a focus on learning, responsible entrepreneurship, and reducing climate impact. We educate for a fair and sustainable future. \n\n\n\n\n\n","_seopress_robots_index":"","_relevanssi_hide_post":"","_relevanssi_hide_content":"","_relevanssi_pin_for_all":"","_relevanssi_pin_keywords":"","_relevanssi_unpin_keywords":"","_relevanssi_related_keywords":"","_relevanssi_related_include_ids":"","_relevanssi_related_exclude_ids":"","_relevanssi_related_no_append":"","_relevanssi_related_not_related":"","_relevanssi_related_posts":"","_relevanssi_noindex_reason":"","footnotes":""},"class_list":["post-3040","page","type-page","status-publish","hentry"],"acf":[],"_links":{"self":[{"href":"https:\/\/edukatus.se\/en\/wp-json\/wp\/v2\/pages\/3040","targetHints":{"allow":["GET"]}}],"collection":[{"href":"https:\/\/edukatus.se\/en\/wp-json\/wp\/v2\/pages"}],"about":[{"href":"https:\/\/edukatus.se\/en\/wp-json\/wp\/v2\/types\/page"}],"author":[{"embeddable":true,"href":"https:\/\/edukatus.se\/en\/wp-json\/wp\/v2\/users\/8"}],"replies":[{"embeddable":true,"href":"https:\/\/edukatus.se\/en\/wp-json\/wp\/v2\/comments?post=3040"}],"version-history":[{"count":5,"href":"https:\/\/edukatus.se\/en\/wp-json\/wp\/v2\/pages\/3040\/revisions"}],"predecessor-version":[{"id":6252,"href":"https:\/\/edukatus.se\/en\/wp-json\/wp\/v2\/pages\/3040\/revisions\/6252"}],"wp:attachment":[{"href":"https:\/\/edukatus.se\/en\/wp-json\/wp\/v2\/media?parent=3040"}],"curies":[{"name":"wp","href":"https:\/\/api.w.org\/{rel}","templated":true}]}}

<p class="is-style-default">Edukatus Alliance&#8217;s sustainability work is an integral part of our business. We have three distinct target areas: learning, responsible business and environment/climate. Our learning target focuses on UN Goal 4, “good education for all”. This goal states that education is a basic human right and essential for individual prosperity, health and equality.   </p>

<p class="is-style-default">Being a responsible business means that we are an equal and inclusive workplace, committed to the development of our employees and our learners.</p>

<p class="is-style-default">Edukatus Alliance works ceaselessly to reduce our climate footprint. One of our most significant contributions to improving the environmental is our education of future responsible citizens, equipping our employees and students with the knowledge and tools they need to create a more sustainable world both on both individual and societal levels. </p>
<div class="g-distance g-block g-distance--small"></div>
<div class='g-buttons g-buttons--left g-block'><a class='g-button g-button--primary g-button--large' href='https://edukatus.se/app/uploads/2024/09/hallbarhetsrapport-2022-2023-dec.pdf' target='_blank'>Read our sustainability report (swedish only)</a></div><div class="g-distance g-block g-distance--small"></div>
<h2 class='g-block g-heading'>Edukatus Alliance cares</h2><div class="g-block g-cards g-cards--2">
	<a href="https://edukatus.se/eleverna-bygger-at-hemlosa/" class="g-card"><div class="g-card-image g-card-image__container"><figure class="g-figure"><div class="g-figure__wrapper"><img class='g-image' style='object-position:center center;' src='https://edukatus.se/app/uploads/2024/09/yg-bygger-stuga-hemlosa-683x377.png' srcset='https://edukatus.se/app/uploads/2024/09/yg-bygger-stuga-hemlosa-683x377.png 683w, https://edukatus.se/app/uploads/2024/09/yg-bygger-stuga-hemlosa-150x83.png 150w, https://edukatus.se/app/uploads/2024/09/yg-bygger-stuga-hemlosa-768x423.png 768w, https://edukatus.se/app/uploads/2024/09/yg-bygger-stuga-hemlosa-910x502.png 910w, https://edukatus.se/app/uploads/2024/09/yg-bygger-stuga-hemlosa-455x251.png 455w, https://edukatus.se/app/uploads/2024/09/yg-bygger-stuga-hemlosa-300x165.png 300w, https://edukatus.se/app/uploads/2024/09/yg-bygger-stuga-hemlosa.png 956w' sizes='(max-width: 683px) 100vw, 683px' width='683' height='377' alt='Två bilder: till vänster en orange ram med text om &quot;Rätten till tillräcklig levnadsstandard&quot;. Till höger två personer i neongula arbetskläder vid en liten röd förrådsbyggnad i vintermiljö.'></div></figure></div><div class="g-card-text g-card-text__container"><h3 class="g-card__title">Students Build for the Homeless</h3><p class="g-card__description">When Yrkesgymnasiet (vocational upper secondary school) in Gävle participated in a charity project, they put a unique spin on it. They combined community engagement with education by building a cabin for the homeless.  “We wanted to carry out a project with practical elements, as we believe in less talk, more action,” said Principal Linda Swedén.</p></div></a><a href="https://edukatus.se/19-aringen-som-vill-revolutionera-byggbranschen-ett-otroligt-forsprang/" class="g-card"><div class="g-card-image g-card-image__container"><figure class="g-figure"><div class="g-figure__wrapper"><img class='g-image' style='object-position:center center;' src='https://edukatus.se/app/uploads/2024/09/janna-naser-algentreprenor-683x340.png' srcset='https://edukatus.se/app/uploads/2024/09/janna-naser-algentreprenor-683x340.png 683w, https://edukatus.se/app/uploads/2024/09/janna-naser-algentreprenor-150x75.png 150w, https://edukatus.se/app/uploads/2024/09/janna-naser-algentreprenor-768x382.png 768w, https://edukatus.se/app/uploads/2024/09/janna-naser-algentreprenor-910x453.png 910w, https://edukatus.se/app/uploads/2024/09/janna-naser-algentreprenor-455x227.png 455w, https://edukatus.se/app/uploads/2024/09/janna-naser-algentreprenor-300x149.png 300w, https://edukatus.se/app/uploads/2024/09/janna-naser-algentreprenor.png 1201w' sizes='(max-width: 683px) 100vw, 683px' width='683' height='340' alt='Till vänster: Janna Naser, algentreprenören står med mörkt lockigt hår och formell klädsel och tittar in i kameran. Till höger: en strand med tång och havsvågor som slår mot klippor i bakgrunden.'></div></figure></div><div class="g-card-text g-card-text__container"><h3 class="g-card__title">The 19-year-old who wants to revolutionise the construction industry: &quot;An incredible head start&quot;</h3><p class="g-card__description">Janna Naser, who was recently named Anders Wall Scholar och the Year and Future Female Entrepreneur of 2024, is an entrepreneyr who wants to revolutionise the construction industry. In an exclusive interview with her former high school, she talks about her plans, drive and young entrepreneurship.  &quot;Entrepreneurship in school gives an incredible head start,&quot; she said.</p></div></a></div><div class="g-block g-cards g-cards--2">
	<a href="https://edukatus.se/elever-klipper-pa-aldreboende-glider-som-pa-moln/" class="g-card"><div class="g-card-image g-card-image__container"><figure class="g-figure"><div class="g-figure__wrapper"><img class='g-image' style='object-position:center center;' src='https://edukatus.se/app/uploads/2023/11/klipp-frisor-genrebild-683x455.png' srcset='https://edukatus.se/app/uploads/2023/11/klipp-frisor-genrebild-683x455.png 683w, https://edukatus.se/app/uploads/2023/11/klipp-frisor-genrebild-150x100.png 150w, https://edukatus.se/app/uploads/2023/11/klipp-frisor-genrebild-768x512.png 768w, https://edukatus.se/app/uploads/2023/11/klipp-frisor-genrebild-910x607.png 910w, https://edukatus.se/app/uploads/2023/11/klipp-frisor-genrebild-455x303.png 455w, https://edukatus.se/app/uploads/2023/11/klipp-frisor-genrebild-300x200.png 300w, https://edukatus.se/app/uploads/2023/11/klipp-frisor-genrebild.png 1350w' sizes='(max-width: 683px) 100vw, 683px' width='683' height='455' alt='En närbild på en frisör som klipper topparna på en kvinnas hår. '></div></figure></div><div class="g-card-text g-card-text__container"><h3 class="g-card__title">Students Provide Haircuts at Nursing Home: &quot;Walking on Clouds&quot;</h3><p class="g-card__description">Hands-on learning in a profession that brightens people&#039;s day. Yrkesgymnasiet school’s recurring project of giving haircuts to residents at the Täby nursing home is the ultimate win-win situation. </p></div></a><a href="https://edukatus.se/uf-foretaget-4-change-vill-gora-skillnad-for-utsatta-manniskor/" class="g-card"><div class="g-card-image g-card-image__container"><figure class="g-figure"><div class="g-figure__wrapper"><img class='g-image' style='object-position:center center;' src='https://edukatus.se/app/uploads/2024/09/4-change-utsatta-matsvinn-nyhet-683x384.png' srcset='https://edukatus.se/app/uploads/2024/09/4-change-utsatta-matsvinn-nyhet-683x384.png 683w, https://edukatus.se/app/uploads/2024/09/4-change-utsatta-matsvinn-nyhet-1366x768.png 1366w, https://edukatus.se/app/uploads/2024/09/4-change-utsatta-matsvinn-nyhet-150x84.png 150w, https://edukatus.se/app/uploads/2024/09/4-change-utsatta-matsvinn-nyhet-768x432.png 768w, https://edukatus.se/app/uploads/2024/09/4-change-utsatta-matsvinn-nyhet-1536x864.png 1536w, https://edukatus.se/app/uploads/2024/09/4-change-utsatta-matsvinn-nyhet-910x512.png 910w, https://edukatus.se/app/uploads/2024/09/4-change-utsatta-matsvinn-nyhet-455x256.png 455w, https://edukatus.se/app/uploads/2024/09/4-change-utsatta-matsvinn-nyhet-300x169.png 300w, https://edukatus.se/app/uploads/2024/09/4-change-utsatta-matsvinn-nyhet.png 1600w' sizes='(max-width: 683px) 100vw, 683px' width='683' height='384' alt='Eleverna bakom UF-företaget 4 change: Evenezer Tame, Alva Strömberg och Mio Calligaris, står utomhus under ett träd och tittar in i kameran. Alla har på sig mörklila tröjor och bakgrunden är en solig grönskande miljö.'></div></figure></div><div class="g-card-text g-card-text__container"><h3 class="g-card__title">The UF Company 4Change Aims to Make a Difference for Vulnerable People</h3><p class="g-card__description">What happens to leftover food at restaurants in Västerås? Thanks to three driven young people, some of the food that would previously have gone to waste is now being served to the city&#039;s homeless at the local mission. The UF company 4Change, from Affärsgymnasiet (business upper secondary school) in Västerås, is making real difference for people in need.  </p></div></a></div><div class="g-block g-cta g-wrapper g-align-full"><div class="g-cta__content g-align-standard"><h2>Sustainability Report</h2><p>Here you will find our latest sustainability report (in swedish only). It was published before the company changed its name to Edukatus Alliance. The next sustainability report will be released soon.</p>
<div class='g-buttons g-buttons--left'><a class='g-button g-button--primary g-button--standard' href='https://edukatus.se/app/uploads/2024/09/hallbarhetsrapport-2022-2023-dec.pdf' target='_blank'>Read our sustainability report (swedish only)</a></div></div></div>
